{"id":1475,"date":"2021-09-29T05:35:53","date_gmt":"2021-09-29T05:35:53","guid":{"rendered":"https:\/\/staging.vanbochove.eu\/?page_id=1475"},"modified":"2021-11-12T06:53:50","modified_gmt":"2021-11-12T06:53:50","slug":"vervangingsplan","status":"publish","type":"page","link":"https:\/\/staging.vanbochove.eu\/index.php\/vervangingsplan\/","title":{"rendered":"Vervangingsplan"},"content":{"rendered":"\t\t<div data-elementor-type=\"wp-page\" data-elementor-id=\"1475\" class=\"elementor elementor-1475\" data-elementor-post-type=\"page\">\n\t\t\t\t\t\t<section class=\"elementor-section elementor-top-section elementor-element elementor-element-2c13ae1d elementor-section-height-min-height elementor-section-boxed elementor-section-height-default elementor-section-items-middle\" data-id=\"2c13ae1d\" data-element_type=\"section\" data-e-type=\"section\" data-settings=\"{&quot;background_background&quot;:&quot;classic&quot;,&quot;shape_divider_bottom&quot;:&quot;tilt&quot;}\">\n\t\t\t\t\t\t\t<div class=\"elementor-background-overlay\"><\/div>\n\t\t\t\t\t\t<div class=\"elementor-shape elementor-shape-bottom\" aria-hidden=\"true\" data-negative=\"false\">\n\t\t\t<svg xmlns=\"http:\/\/www.w3.org\/2000\/svg\" viewBox=\"0 0 1000 100\" preserveAspectRatio=\"none\">\n\t<path class=\"elementor-shape-fill\" d=\"M0,6V0h1000v100L0,6z\"\/>\n<\/svg>\t\t<\/div>\n\t\t\t\t\t<div class=\"elementor-container elementor-column-gap-default\">\n\t\t\t\t\t<div class=\"elementor-column elementor-col-100 elementor-top-column elementor-element elementor-element-f5a7618\" data-id=\"f5a7618\" data-element_type=\"column\" data-e-type=\"column\">\n\t\t\t<div class=\"elementor-widget-wrap elementor-element-populated\">\n\t\t\t\t\t\t<div class=\"elementor-element elementor-element-685a67d3 elementor-widget elementor-widget-heading\" data-id=\"685a67d3\" data-element_type=\"widget\" data-e-type=\"widget\" data-widget_type=\"heading.default\">\n\t\t\t\t<div class=\"elementor-widget-container\">\n\t\t\t\t\t<h2 class=\"elementor-heading-title elementor-size-default\">Vervangingsplan<\/h2>\t\t\t\t<\/div>\n\t\t\t\t<\/div>\n\t\t\t\t<div class=\"elementor-element elementor-element-2c68ac2b elementor-widget elementor-widget-heading\" data-id=\"2c68ac2b\" data-element_type=\"widget\" data-e-type=\"widget\" data-widget_type=\"heading.default\">\n\t\t\t\t<div class=\"elementor-widget-container\">\n\t\t\t\t\t<h3 class=\"elementor-heading-title elementor-size-default\">Kwaliteitsslag met gelijkblijvende materiaalkosten<\/h3>\t\t\t\t<\/div>\n\t\t\t\t<\/div>\n\t\t\t\t\t<\/div>\n\t\t<\/div>\n\t\t\t\t\t<\/div>\n\t\t<\/section>\n\t\t\t\t<section class=\"elementor-section elementor-top-section elementor-element elementor-element-59b718c8 elementor-section-boxed elementor-section-height-default elementor-section-height-default\" data-id=\"59b718c8\" data-element_type=\"section\" data-e-type=\"section\">\n\t\t\t\t\t\t<div class=\"elementor-container elementor-column-gap-default\">\n\t\t\t\t\t<div class=\"elementor-column elementor-col-33 elementor-top-column elementor-element elementor-element-3f5dabfe elementor-invisible\" data-id=\"3f5dabfe\" data-element_type=\"column\" data-e-type=\"column\" data-settings=\"{&quot;background_background&quot;:&quot;classic&quot;,&quot;animation&quot;:&quot;fadeIn&quot;}\">\n\t\t\t<div class=\"elementor-widget-wrap elementor-element-populated\">\n\t\t\t\t\t\t<div class=\"elementor-element elementor-element-627042bf elementor-widget elementor-widget-heading\" data-id=\"627042bf\" data-element_type=\"widget\" data-e-type=\"widget\" data-widget_type=\"heading.default\">\n\t\t\t\t<div class=\"elementor-widget-container\">\n\t\t\t\t\t<p class=\"elementor-heading-title elementor-size-default\">Vervangingsplan<\/p>\t\t\t\t<\/div>\n\t\t\t\t<\/div>\n\t\t\t\t<div class=\"elementor-element elementor-element-6f334165 elementor-widget elementor-widget-text-editor\" data-id=\"6f334165\" data-element_type=\"widget\" data-e-type=\"widget\" data-widget_type=\"text-editor.default\">\n\t\t\t\t<div class=\"elementor-widget-container\">\n\t\t\t\t\t\t\t\t\t<p>Er zijn drie manieren om een vervangingsplan op te zetten. De straatprofielmethode is daarbij favoriet. Het zorgt voor behoud of verbetering van de sociaal- en verkeersveiligheid en dus leefbaarheid, door de juiste lichtkwaliteit op straat aan te brengen. De materiaalkosten zijn daarbij gelijk aan een willekeurige andere aanpak. De voorbereidingstijd is op dit moment langer dan bij een grovere benadering (vervanging met standaard optieken) maar door automatisering zijn we hard op weg om deze tijd enorm te verkorten.<\/p>\t\t\t\t\t\t\t\t<\/div>\n\t\t\t\t<\/div>\n\t\t\t\t<div class=\"elementor-element elementor-element-4b2b13f3 elementor-align-center elementor-widget elementor-widget-button\" data-id=\"4b2b13f3\" data-element_type=\"widget\" data-e-type=\"widget\" data-widget_type=\"button.default\">\n\t\t\t\t<div class=\"elementor-widget-container\">\n\t\t\t\t\t\t\t\t\t<div class=\"elementor-button-wrapper\">\n\t\t\t\t\t<a class=\"elementor-button elementor-button-link elementor-size-sm\" href=\"mailto:ruben@vanbochove.eu\">\n\t\t\t\t\t\t<span class=\"elementor-button-content-wrapper\">\n\t\t\t\t\t\t\t\t\t<span class=\"elementor-button-text\">Contact<\/span>\n\t\t\t\t\t<\/span>\n\t\t\t\t\t<\/a>\n\t\t\t\t<\/div>\n\t\t\t\t\t\t\t\t<\/div>\n\t\t\t\t<\/div>\n\t\t\t\t<div class=\"elementor-element elementor-element-44b0cf5a elementor-widget elementor-widget-image\" data-id=\"44b0cf5a\" data-element_type=\"widget\" data-e-type=\"widget\" data-widget_type=\"image.default\">\n\t\t\t\t<div class=\"elementor-widget-container\">\n\t\t\t\t\t\t\t\t\t\t\t\t\t\t\t<img fetchpriority=\"high\" decoding=\"async\" width=\"556\" height=\"800\" src=\"https:\/\/staging.vanbochove.eu\/wp-content\/uploads\/2021\/09\/twee-laptops-handen-550-800.jpg\" class=\"attachment-full size-full wp-image-1493\" alt=\"\" srcset=\"https:\/\/staging.vanbochove.eu\/wp-content\/uploads\/2021\/09\/twee-laptops-handen-550-800.jpg 556w, https:\/\/staging.vanbochove.eu\/wp-content\/uploads\/2021\/09\/twee-laptops-handen-550-800-209x300.jpg 209w\" sizes=\"(max-width: 556px) 100vw, 556px\" \/>\t\t\t\t\t\t\t\t\t\t\t\t\t\t\t<\/div>\n\t\t\t\t<\/div>\n\t\t\t\t\t<\/div>\n\t\t<\/div>\n\t\t\t\t<div class=\"elementor-column elementor-col-66 elementor-top-column elementor-element elementor-element-2ee385b5 elementor-invisible\" data-id=\"2ee385b5\" data-element_type=\"column\" data-e-type=\"column\" data-settings=\"{&quot;animation&quot;:&quot;zoomIn&quot;,&quot;animation_delay&quot;:500}\">\n\t\t\t<div class=\"elementor-widget-wrap elementor-element-populated\">\n\t\t\t\t\t\t<div class=\"elementor-element elementor-element-5921b7aa elementor-widget elementor-widget-text-editor\" data-id=\"5921b7aa\" data-element_type=\"widget\" data-e-type=\"widget\" data-widget_type=\"text-editor.default\">\n\t\t\t\t<div class=\"elementor-widget-container\">\n\t\t\t\t\t\t\t\t\t<h5><span style=\"color: #003366;\">Een vervanging moet leiden tot beter licht op straat<\/span><\/h5><p>Ieder jaar is er vanuit het beleid een vervangingsbudget beschikbaar. Het geld moet goed besteed worden. Je wilt niet elke straat herontwerpen, maar je wilt ook geen willekeurige armatuur plaatsen. Het eindresultaat moet goed zijn. Je wilt tenslotte dat het geld goed besteed wordt en dat na plaatsing de bewoners tevreden zijn.<\/p><h5><span style=\"color: #003366;\">E\u00e9n op \u00e9\u00e9n vervangen is niet meer mogelijk!<\/span><\/h5><p>Door de ombouw naar led (dat is eigenlijk geen keuze meer) is het niet verstandig om op basis van het oude lamptype een soortgelijk led armatuur te kiezen zonder het effect te controleren. Er zal met meer aandacht naar gekeken moeten worden. Maar hoe pak je dat aan en heb je de tijd en\/of kennis om het zelf te doen?<\/p><h5><span style=\"color: #003366;\">Van de drie opties, is de straatprofielmethode de meest logische<\/span><\/h5><p>Door mijn jarenlange ervaring met verlichting is het duidelijk geworden dat een bestaand armatuur niet op basis van de huidige lichtbron vervangen kan worden door een led armatuur met vergelijkbare lichtoutput*. Nou ja, alles kan natuurlijk maar dan mis je wel de mogelijkheid om de veiligheid en dus de leefbaarheid van een gebied te behouden of beter te maken. De voorbereiding is duurder dan enkel vervanging, dat is zeker. Maar als je het goed aanpakt, dan heb je er een (armatuur)leven plezier van, ook tijdens het onderhoud!<br \/>We beoordelen alle relevante straten en delen ze in bij de verschillende standaard straatprofielen. Vervolgens maken we een keuze uit diverse armaturen en bepalen de beste samenstelling per straatprofiel**. Als alle straten zijn doorlopen hebben we een goed onderbouwd uitvoeringsplan dat aanbesteed kan worden of in opdracht aan de onderhoudsaannemer kan worden gegeven.<\/p><h5><span style=\"color: #003366;\">Een veilige en dus betere leefomgeving<\/span><\/h5><p>Als het plan uitgevoerd is, is de nieuwe verlichting op het gewenste kwaliteitsniveau en zal de veiligheid in de staat behouden en in vele gevallen zelfs beter zijn geworden. Op maat afgestemde verlichting met gelijkblijvende materiaalkosten en een betere leefomgeving. Resultaat: een kwaliteitsslag met gelijkblijvende materiaalkosten!<\/p>\t\t\t\t\t\t\t\t<\/div>\n\t\t\t\t<\/div>\n\t\t\t\t<div class=\"elementor-element elementor-element-ddfce17 elementor-widget elementor-widget-text-editor\" data-id=\"ddfce17\" data-element_type=\"widget\" data-e-type=\"widget\" data-widget_type=\"text-editor.default\">\n\t\t\t\t<div class=\"elementor-widget-container\">\n\t\t\t\t\t\t\t\t\t<p>*\u00a0 \u00a0 \u00a0 Optie<em> \u00e9\u00e9n, dit heeft niet mijn voorkeur.<\/em><br \/>**\u00a0 \u00a0 Dit is optie twee. Optie drie is een herontwerp van de hele straat. Dat doe je normaal alleen bij een renovatie, anders wordt de voorbereiding en uitvoering veel te duur.<\/p>\t\t\t\t\t\t\t\t<\/div>\n\t\t\t\t<\/div>\n\t\t\t\t\t<\/div>\n\t\t<\/div>\n\t\t\t\t\t<\/div>\n\t\t<\/section>\n\t\t\t\t<\/div>\n\t\t","protected":false},"excerpt":{"rendered":"<p>Vervangingsplan Kwaliteitsslag met gelijkblijvende materiaalkosten Vervangingsplan Er zijn drie manieren om een vervangingsplan op te zetten. De straatprofielmethode is daarbij favoriet. Het zorgt voor behoud of verbetering van de sociaal- en verkeersveiligheid en dus leefbaarheid, door de juiste lichtkwaliteit op straat aan te brengen. De materiaalkosten zijn daarbij gelijk aan een willekeurige andere aanpak. De [&hellip;]<\/p>\n","protected":false},"author":2,"featured_media":1494,"parent":0,"menu_order":0,"comment_status":"closed","ping_status":"closed","template":"elementor_header_footer","meta":{"footnotes":""},"folder":[],"class_list":["post-1475","page","type-page","status-publish","has-post-thumbnail","hentry"],"yoast_head":"<!-- This site is optimized with the Yoast SEO plugin v27.4 - https:\/\/yoast.com\/product\/yoast-seo-wordpress\/ -->\n<title>Vervangingsplan - Van Bochove Openbare Verlichting<\/title>\n<meta name=\"robots\" content=\"noindex, follow, max-snippet:-1, max-image-preview:large, max-video-preview:-1\" \/>\n<meta property=\"og:locale\" content=\"nl_NL\" \/>\n<meta property=\"og:type\" content=\"article\" \/>\n<meta property=\"og:title\" content=\"Vervangingsplan - Van Bochove Openbare Verlichting\" \/>\n<meta property=\"og:description\" content=\"Vervangingsplan Kwaliteitsslag met gelijkblijvende materiaalkosten Vervangingsplan Er zijn drie manieren om een vervangingsplan op te zetten. De straatprofielmethode is daarbij favoriet. Het zorgt voor behoud of verbetering van de sociaal- en verkeersveiligheid en dus leefbaarheid, door de juiste lichtkwaliteit op straat aan te brengen. De materiaalkosten zijn daarbij gelijk aan een willekeurige andere aanpak. De [&hellip;]\" \/>\n<meta property=\"og:url\" content=\"https:\/\/staging.vanbochove.eu\/index.php\/vervangingsplan\/\" \/>\n<meta property=\"og:site_name\" content=\"Van Bochove Openbare Verlichting\" \/>\n<meta property=\"article:modified_time\" content=\"2021-11-12T06:53:50+00:00\" \/>\n<meta property=\"og:image\" content=\"https:\/\/staging.vanbochove.eu\/wp-content\/uploads\/2021\/09\/twee-laptops-handen-400x250-1.jpg\" \/>\n\t<meta property=\"og:image:width\" content=\"450\" \/>\n\t<meta property=\"og:image:height\" content=\"250\" \/>\n\t<meta property=\"og:image:type\" content=\"image\/jpeg\" \/>\n<meta name=\"twitter:card\" content=\"summary_large_image\" \/>\n<meta name=\"twitter:label1\" content=\"Geschatte leestijd\" \/>\n\t<meta name=\"twitter:data1\" content=\"2 minuten\" \/>\n<script type=\"application\/ld+json\" class=\"yoast-schema-graph\">{\"@context\":\"https:\\\/\\\/schema.org\",\"@graph\":[{\"@type\":\"WebPage\",\"@id\":\"https:\\\/\\\/staging.vanbochove.eu\\\/index.php\\\/vervangingsplan\\\/\",\"url\":\"https:\\\/\\\/staging.vanbochove.eu\\\/index.php\\\/vervangingsplan\\\/\",\"name\":\"Vervangingsplan - Van Bochove Openbare Verlichting\",\"isPartOf\":{\"@id\":\"https:\\\/\\\/staging.vanbochove.eu\\\/#website\"},\"primaryImageOfPage\":{\"@id\":\"https:\\\/\\\/staging.vanbochove.eu\\\/index.php\\\/vervangingsplan\\\/#primaryimage\"},\"image\":{\"@id\":\"https:\\\/\\\/staging.vanbochove.eu\\\/index.php\\\/vervangingsplan\\\/#primaryimage\"},\"thumbnailUrl\":\"https:\\\/\\\/staging.vanbochove.eu\\\/wp-content\\\/uploads\\\/2021\\\/09\\\/twee-laptops-handen-400x250-1.jpg\",\"datePublished\":\"2021-09-29T05:35:53+00:00\",\"dateModified\":\"2021-11-12T06:53:50+00:00\",\"breadcrumb\":{\"@id\":\"https:\\\/\\\/staging.vanbochove.eu\\\/index.php\\\/vervangingsplan\\\/#breadcrumb\"},\"inLanguage\":\"nl-NL\",\"potentialAction\":[{\"@type\":\"ReadAction\",\"target\":[\"https:\\\/\\\/staging.vanbochove.eu\\\/index.php\\\/vervangingsplan\\\/\"]}]},{\"@type\":\"ImageObject\",\"inLanguage\":\"nl-NL\",\"@id\":\"https:\\\/\\\/staging.vanbochove.eu\\\/index.php\\\/vervangingsplan\\\/#primaryimage\",\"url\":\"https:\\\/\\\/staging.vanbochove.eu\\\/wp-content\\\/uploads\\\/2021\\\/09\\\/twee-laptops-handen-400x250-1.jpg\",\"contentUrl\":\"https:\\\/\\\/staging.vanbochove.eu\\\/wp-content\\\/uploads\\\/2021\\\/09\\\/twee-laptops-handen-400x250-1.jpg\",\"width\":450,\"height\":250},{\"@type\":\"BreadcrumbList\",\"@id\":\"https:\\\/\\\/staging.vanbochove.eu\\\/index.php\\\/vervangingsplan\\\/#breadcrumb\",\"itemListElement\":[{\"@type\":\"ListItem\",\"position\":1,\"name\":\"Home\",\"item\":\"https:\\\/\\\/staging.vanbochove.eu\\\/\"},{\"@type\":\"ListItem\",\"position\":2,\"name\":\"Vervangingsplan\"}]},{\"@type\":\"WebSite\",\"@id\":\"https:\\\/\\\/staging.vanbochove.eu\\\/#website\",\"url\":\"https:\\\/\\\/staging.vanbochove.eu\\\/\",\"name\":\"Van Bochove Openbare Verlichting\",\"description\":\"Advies en opleiding openbare verlichting\",\"publisher\":{\"@id\":\"https:\\\/\\\/staging.vanbochove.eu\\\/#organization\"},\"potentialAction\":[{\"@type\":\"SearchAction\",\"target\":{\"@type\":\"EntryPoint\",\"urlTemplate\":\"https:\\\/\\\/staging.vanbochove.eu\\\/?s={search_term_string}\"},\"query-input\":{\"@type\":\"PropertyValueSpecification\",\"valueRequired\":true,\"valueName\":\"search_term_string\"}}],\"inLanguage\":\"nl-NL\"},{\"@type\":\"Organization\",\"@id\":\"https:\\\/\\\/staging.vanbochove.eu\\\/#organization\",\"name\":\"Van Bochove Openbare Verlichting\",\"url\":\"https:\\\/\\\/staging.vanbochove.eu\\\/\",\"logo\":{\"@type\":\"ImageObject\",\"inLanguage\":\"nl-NL\",\"@id\":\"https:\\\/\\\/staging.vanbochove.eu\\\/#\\\/schema\\\/logo\\\/image\\\/\",\"url\":\"https:\\\/\\\/staging.vanbochove.eu\\\/wp-content\\\/uploads\\\/2021\\\/04\\\/Logo-VanBochove-OVL-400px.png\",\"contentUrl\":\"https:\\\/\\\/staging.vanbochove.eu\\\/wp-content\\\/uploads\\\/2021\\\/04\\\/Logo-VanBochove-OVL-400px.png\",\"width\":400,\"height\":109,\"caption\":\"Van Bochove Openbare Verlichting\"},\"image\":{\"@id\":\"https:\\\/\\\/staging.vanbochove.eu\\\/#\\\/schema\\\/logo\\\/image\\\/\"},\"sameAs\":[\"https:\\\/\\\/www.linkedin.com\\\/company\\\/van-bochove-openbare-verlichting\"]}]}<\/script>\n<!-- \/ Yoast SEO plugin. -->","yoast_head_json":{"title":"Vervangingsplan - Van Bochove Openbare Verlichting","robots":{"index":"noindex","follow":"follow","max-snippet":"max-snippet:-1","max-image-preview":"max-image-preview:large","max-video-preview":"max-video-preview:-1"},"og_locale":"nl_NL","og_type":"article","og_title":"Vervangingsplan - Van Bochove Openbare Verlichting","og_description":"Vervangingsplan Kwaliteitsslag met gelijkblijvende materiaalkosten Vervangingsplan Er zijn drie manieren om een vervangingsplan op te zetten. De straatprofielmethode is daarbij favoriet. Het zorgt voor behoud of verbetering van de sociaal- en verkeersveiligheid en dus leefbaarheid, door de juiste lichtkwaliteit op straat aan te brengen. De materiaalkosten zijn daarbij gelijk aan een willekeurige andere aanpak. De [&hellip;]","og_url":"https:\/\/staging.vanbochove.eu\/index.php\/vervangingsplan\/","og_site_name":"Van Bochove Openbare Verlichting","article_modified_time":"2021-11-12T06:53:50+00:00","og_image":[{"width":450,"height":250,"url":"https:\/\/staging.vanbochove.eu\/wp-content\/uploads\/2021\/09\/twee-laptops-handen-400x250-1.jpg","type":"image\/jpeg"}],"twitter_card":"summary_large_image","twitter_misc":{"Geschatte leestijd":"2 minuten"},"schema":{"@context":"https:\/\/schema.org","@graph":[{"@type":"WebPage","@id":"https:\/\/staging.vanbochove.eu\/index.php\/vervangingsplan\/","url":"https:\/\/staging.vanbochove.eu\/index.php\/vervangingsplan\/","name":"Vervangingsplan - Van Bochove Openbare Verlichting","isPartOf":{"@id":"https:\/\/staging.vanbochove.eu\/#website"},"primaryImageOfPage":{"@id":"https:\/\/staging.vanbochove.eu\/index.php\/vervangingsplan\/#primaryimage"},"image":{"@id":"https:\/\/staging.vanbochove.eu\/index.php\/vervangingsplan\/#primaryimage"},"thumbnailUrl":"https:\/\/staging.vanbochove.eu\/wp-content\/uploads\/2021\/09\/twee-laptops-handen-400x250-1.jpg","datePublished":"2021-09-29T05:35:53+00:00","dateModified":"2021-11-12T06:53:50+00:00","breadcrumb":{"@id":"https:\/\/staging.vanbochove.eu\/index.php\/vervangingsplan\/#breadcrumb"},"inLanguage":"nl-NL","potentialAction":[{"@type":"ReadAction","target":["https:\/\/staging.vanbochove.eu\/index.php\/vervangingsplan\/"]}]},{"@type":"ImageObject","inLanguage":"nl-NL","@id":"https:\/\/staging.vanbochove.eu\/index.php\/vervangingsplan\/#primaryimage","url":"https:\/\/staging.vanbochove.eu\/wp-content\/uploads\/2021\/09\/twee-laptops-handen-400x250-1.jpg","contentUrl":"https:\/\/staging.vanbochove.eu\/wp-content\/uploads\/2021\/09\/twee-laptops-handen-400x250-1.jpg","width":450,"height":250},{"@type":"BreadcrumbList","@id":"https:\/\/staging.vanbochove.eu\/index.php\/vervangingsplan\/#breadcrumb","itemListElement":[{"@type":"ListItem","position":1,"name":"Home","item":"https:\/\/staging.vanbochove.eu\/"},{"@type":"ListItem","position":2,"name":"Vervangingsplan"}]},{"@type":"WebSite","@id":"https:\/\/staging.vanbochove.eu\/#website","url":"https:\/\/staging.vanbochove.eu\/","name":"Van Bochove Openbare Verlichting","description":"Advies en opleiding openbare verlichting","publisher":{"@id":"https:\/\/staging.vanbochove.eu\/#organization"},"potentialAction":[{"@type":"SearchAction","target":{"@type":"EntryPoint","urlTemplate":"https:\/\/staging.vanbochove.eu\/?s={search_term_string}"},"query-input":{"@type":"PropertyValueSpecification","valueRequired":true,"valueName":"search_term_string"}}],"inLanguage":"nl-NL"},{"@type":"Organization","@id":"https:\/\/staging.vanbochove.eu\/#organization","name":"Van Bochove Openbare Verlichting","url":"https:\/\/staging.vanbochove.eu\/","logo":{"@type":"ImageObject","inLanguage":"nl-NL","@id":"https:\/\/staging.vanbochove.eu\/#\/schema\/logo\/image\/","url":"https:\/\/staging.vanbochove.eu\/wp-content\/uploads\/2021\/04\/Logo-VanBochove-OVL-400px.png","contentUrl":"https:\/\/staging.vanbochove.eu\/wp-content\/uploads\/2021\/04\/Logo-VanBochove-OVL-400px.png","width":400,"height":109,"caption":"Van Bochove Openbare Verlichting"},"image":{"@id":"https:\/\/staging.vanbochove.eu\/#\/schema\/logo\/image\/"},"sameAs":["https:\/\/www.linkedin.com\/company\/van-bochove-openbare-verlichting"]}]}},"_links":{"self":[{"href":"https:\/\/staging.vanbochove.eu\/index.php\/wp-json\/wp\/v2\/pages\/1475","targetHints":{"allow":["GET"]}}],"collection":[{"href":"https:\/\/staging.vanbochove.eu\/index.php\/wp-json\/wp\/v2\/pages"}],"about":[{"href":"https:\/\/staging.vanbochove.eu\/index.php\/wp-json\/wp\/v2\/types\/page"}],"author":[{"embeddable":true,"href":"https:\/\/staging.vanbochove.eu\/index.php\/wp-json\/wp\/v2\/users\/2"}],"replies":[{"embeddable":true,"href":"https:\/\/staging.vanbochove.eu\/index.php\/wp-json\/wp\/v2\/comments?post=1475"}],"version-history":[{"count":22,"href":"https:\/\/staging.vanbochove.eu\/index.php\/wp-json\/wp\/v2\/pages\/1475\/revisions"}],"predecessor-version":[{"id":1810,"href":"https:\/\/staging.vanbochove.eu\/index.php\/wp-json\/wp\/v2\/pages\/1475\/revisions\/1810"}],"wp:featuredmedia":[{"embeddable":true,"href":"https:\/\/staging.vanbochove.eu\/index.php\/wp-json\/wp\/v2\/media\/1494"}],"wp:attachment":[{"href":"https:\/\/staging.vanbochove.eu\/index.php\/wp-json\/wp\/v2\/media?parent=1475"}],"wp:term":[{"taxonomy":"folder","embeddable":true,"href":"https:\/\/staging.vanbochove.eu\/index.php\/wp-json\/wp\/v2\/folder?post=1475"}],"curies":[{"name":"wp","href":"https:\/\/api.w.org\/{rel}","templated":true}]}}